{"id":852,"date":"2026-04-18T05:28:42","date_gmt":"2026-04-18T05:28:42","guid":{"rendered":"https:\/\/x5tech.com.tr\/?page_id=852"},"modified":"2026-04-18T05:41:19","modified_gmt":"2026-04-18T05:41:19","slug":"teknik-videolarim","status":"publish","type":"page","link":"https:\/\/x5tech.com.tr\/index.php\/teknik-videolarim\/","title":{"rendered":"Teknik Videolar\u0131m"},"content":{"rendered":"\t\t<div data-elementor-type=\"wp-page\" data-elementor-id=\"852\" class=\"elementor elementor-852\">\n\t\t\t\t<div class=\"elementor-element elementor-element-03d6546 e-grid e-con-boxed e-con e-parent\" data-id=\"03d6546\" data-element_type=\"container\">\n\t\t\t\t\t<div class=\"e-con-inner\">\n\t\t\t\t<div class=\"elementor-element elementor-element-006534c elementor-widget elementor-widget-image\" data-id=\"006534c\" data-element_type=\"widget\" data-widget_type=\"image.default\">\n\t\t\t\t\t\t\t\t\t\t\t\t\t\t\t\t<a href=\"https:\/\/www.youtube.com\/watch?v=m6n1xwmyOWc\">\n\t\t\t\t\t\t\t<img fetchpriority=\"high\" decoding=\"async\" width=\"320\" height=\"180\" src=\"https:\/\/x5tech.com.tr\/wp-content\/uploads\/2026\/04\/kopru.png\" class=\"attachment-large size-large wp-image-853\" alt=\"\" srcset=\"https:\/\/x5tech.com.tr\/wp-content\/uploads\/2026\/04\/kopru.png 320w, https:\/\/x5tech.com.tr\/wp-content\/uploads\/2026\/04\/kopru-300x169.png 300w\" sizes=\"(max-width: 320px) 100vw, 320px\" \/>\t\t\t\t\t\t\t\t<\/a>\n\t\t\t\t\t\t\t\t\t\t\t\t\t\t\t<\/div>\n\t\t\t\t<div class=\"elementor-element elementor-element-8d04cbc elementor-widget elementor-widget-image\" data-id=\"8d04cbc\" data-element_type=\"widget\" data-widget_type=\"image.default\">\n\t\t\t\t\t\t\t\t\t\t\t\t\t\t\t\t<a href=\"https:\/\/youtube.com\/watch?v=fLnWa-Rj-wc\">\n\t\t\t\t\t\t\t<img decoding=\"async\" width=\"320\" height=\"180\" src=\"https:\/\/x5tech.com.tr\/wp-content\/uploads\/2026\/04\/xma.png\" class=\"attachment-large size-large wp-image-858\" alt=\"\" srcset=\"https:\/\/x5tech.com.tr\/wp-content\/uploads\/2026\/04\/xma.png 320w, https:\/\/x5tech.com.tr\/wp-content\/uploads\/2026\/04\/xma-300x169.png 300w\" sizes=\"(max-width: 320px) 100vw, 320px\" \/>\t\t\t\t\t\t\t\t<\/a>\n\t\t\t\t\t\t\t\t\t\t\t\t\t\t\t<\/div>\n\t\t\t\t<div class=\"elementor-element elementor-element-f0b6b6e elementor-widget elementor-widget-image\" data-id=\"f0b6b6e\" data-element_type=\"widget\" data-widget_type=\"image.default\">\n\t\t\t\t\t\t\t\t\t\t\t\t\t\t\t\t<a href=\"https:\/\/youtube.com\/watch?v=8bUU9uUoLaQ\">\n\t\t\t\t\t\t\t<img decoding=\"async\" width=\"320\" height=\"180\" src=\"https:\/\/x5tech.com.tr\/wp-content\/uploads\/2026\/04\/tsa.png\" class=\"attachment-large size-large wp-image-862\" alt=\"\" srcset=\"https:\/\/x5tech.com.tr\/wp-content\/uploads\/2026\/04\/tsa.png 320w, https:\/\/x5tech.com.tr\/wp-content\/uploads\/2026\/04\/tsa-300x169.png 300w\" sizes=\"(max-width: 320px) 100vw, 320px\" \/>\t\t\t\t\t\t\t\t<\/a>\n\t\t\t\t\t\t\t\t\t\t\t\t\t\t\t<\/div>\n\t\t\t\t<div class=\"elementor-element elementor-element-57c00cb elementor-widget elementor-widget-image\" data-id=\"57c00cb\" data-element_type=\"widget\" data-widget_type=\"image.default\">\n\t\t\t\t\t\t\t\t\t\t\t\t\t\t\t\t<a href=\"https:\/\/www.youtube.com\/watch?v=_8R_rkUcg7s\">\n\t\t\t\t\t\t\t<img loading=\"lazy\" decoding=\"async\" width=\"320\" height=\"180\" src=\"https:\/\/x5tech.com.tr\/wp-content\/uploads\/2026\/04\/DNV.png\" class=\"attachment-large size-large wp-image-864\" alt=\"\" srcset=\"https:\/\/x5tech.com.tr\/wp-content\/uploads\/2026\/04\/DNV.png 320w, https:\/\/x5tech.com.tr\/wp-content\/uploads\/2026\/04\/DNV-300x169.png 300w\" sizes=\"(max-width: 320px) 100vw, 320px\" \/>\t\t\t\t\t\t\t\t<\/a>\n\t\t\t\t\t\t\t\t\t\t\t\t\t\t\t<\/div>\n\t\t\t\t<div class=\"elementor-element elementor-element-897172f elementor-widget elementor-widget-image\" data-id=\"897172f\" data-element_type=\"widget\" data-widget_type=\"image.default\">\n\t\t\t\t\t\t\t\t\t\t\t\t\t\t\t\t<a href=\"https:\/\/www.youtube.com\/watch?v=uDLWlPzaTvc&#038;pp=0gcJCdMKAYcqIYzv\">\n\t\t\t\t\t\t\t<img loading=\"lazy\" decoding=\"async\" width=\"320\" height=\"180\" src=\"https:\/\/x5tech.com.tr\/wp-content\/uploads\/2026\/04\/IPC.png\" class=\"attachment-large size-large wp-image-865\" alt=\"\" srcset=\"https:\/\/x5tech.com.tr\/wp-content\/uploads\/2026\/04\/IPC.png 320w, https:\/\/x5tech.com.tr\/wp-content\/uploads\/2026\/04\/IPC-300x169.png 300w\" sizes=\"(max-width: 320px) 100vw, 320px\" \/>\t\t\t\t\t\t\t\t<\/a>\n\t\t\t\t\t\t\t\t\t\t\t\t\t\t\t<\/div>\n\t\t\t\t<div class=\"elementor-element elementor-element-0a2d010 elementor-widget elementor-widget-image\" data-id=\"0a2d010\" data-element_type=\"widget\" data-widget_type=\"image.default\">\n\t\t\t\t\t\t\t\t\t\t\t\t\t\t\t\t<a href=\"https:\/\/youtube.com\/watch?v=wwme1uu1Hyw\">\n\t\t\t\t\t\t\t<img loading=\"lazy\" decoding=\"async\" width=\"320\" height=\"180\" src=\"https:\/\/x5tech.com.tr\/wp-content\/uploads\/2026\/04\/TY.png\" class=\"attachment-large size-large wp-image-866\" alt=\"\" srcset=\"https:\/\/x5tech.com.tr\/wp-content\/uploads\/2026\/04\/TY.png 320w, https:\/\/x5tech.com.tr\/wp-content\/uploads\/2026\/04\/TY-300x169.png 300w\" sizes=\"(max-width: 320px) 100vw, 320px\" \/>\t\t\t\t\t\t\t\t<\/a>\n\t\t\t\t\t\t\t\t\t\t\t\t\t\t\t<\/div>\n\t\t\t\t\t<\/div>\n\t\t\t\t<\/div>\n\t\t\t\t<\/div>\n\t\t","protected":false},"excerpt":{"rendered":"","protected":false},"author":1,"featured_media":0,"parent":0,"menu_order":0,"comment_status":"closed","ping_status":"closed","template":"","meta":{"footnotes":""},"class_list":["post-852","page","type-page","status-publish","hentry"],"yoast_head":"<!-- This site is optimized with the Yoast SEO plugin v27.0 - https:\/\/yoast.com\/product\/yoast-seo-wordpress\/ -->\n<title>Teknik Videolar\u0131m - X5Tech G\u00fcvenlik Ekipmanlar\u0131<\/title>\n<meta name=\"robots\" content=\"index, follow, max-snippet:-1, max-image-preview:large, max-video-preview:-1\" \/>\n<link rel=\"canonical\" href=\"https:\/\/x5tech.com.tr\/index.php\/teknik-videolarim\/\" \/>\n<meta property=\"og:locale\" content=\"tr_TR\" \/>\n<meta property=\"og:type\" content=\"article\" \/>\n<meta property=\"og:title\" content=\"Teknik Videolar\u0131m - X5Tech G\u00fcvenlik Ekipmanlar\u0131\" \/>\n<meta property=\"og:url\" content=\"https:\/\/x5tech.com.tr\/index.php\/teknik-videolarim\/\" \/>\n<meta property=\"og:site_name\" content=\"X5Tech G\u00fcvenlik Ekipmanlar\u0131\" \/>\n<meta property=\"article:modified_time\" content=\"2026-04-18T05:41:19+00:00\" \/>\n<meta property=\"og:image\" content=\"https:\/\/x5tech.com.tr\/wp-content\/uploads\/2026\/04\/kopru.png\" \/>\n\t<meta property=\"og:image:width\" content=\"320\" \/>\n\t<meta property=\"og:image:height\" content=\"180\" \/>\n\t<meta property=\"og:image:type\" content=\"image\/png\" \/>\n<meta name=\"twitter:card\" content=\"summary_large_image\" \/>\n<meta name=\"twitter:label1\" content=\"Tahmini okuma s\u00fcresi\" \/>\n\t<meta name=\"twitter:data1\" content=\"2 dakika\" \/>\n<script type=\"application\/ld+json\" class=\"yoast-schema-graph\">{\"@context\":\"https:\/\/schema.org\",\"@graph\":[{\"@type\":\"WebPage\",\"@id\":\"https:\/\/x5tech.com.tr\/index.php\/teknik-videolarim\/\",\"url\":\"https:\/\/x5tech.com.tr\/index.php\/teknik-videolarim\/\",\"name\":\"Teknik Videolar\u0131m - X5Tech G\u00fcvenlik Ekipmanlar\u0131\",\"isPartOf\":{\"@id\":\"https:\/\/x5tech.com.tr\/#website\"},\"primaryImageOfPage\":{\"@id\":\"https:\/\/x5tech.com.tr\/index.php\/teknik-videolarim\/#primaryimage\"},\"image\":{\"@id\":\"https:\/\/x5tech.com.tr\/index.php\/teknik-videolarim\/#primaryimage\"},\"thumbnailUrl\":\"https:\/\/x5tech.com.tr\/wp-content\/uploads\/2026\/04\/kopru.png\",\"datePublished\":\"2026-04-18T05:28:42+00:00\",\"dateModified\":\"2026-04-18T05:41:19+00:00\",\"breadcrumb\":{\"@id\":\"https:\/\/x5tech.com.tr\/index.php\/teknik-videolarim\/#breadcrumb\"},\"inLanguage\":\"tr\",\"potentialAction\":[{\"@type\":\"ReadAction\",\"target\":[\"https:\/\/x5tech.com.tr\/index.php\/teknik-videolarim\/\"]}]},{\"@type\":\"ImageObject\",\"inLanguage\":\"tr\",\"@id\":\"https:\/\/x5tech.com.tr\/index.php\/teknik-videolarim\/#primaryimage\",\"url\":\"https:\/\/x5tech.com.tr\/wp-content\/uploads\/2026\/04\/kopru.png\",\"contentUrl\":\"https:\/\/x5tech.com.tr\/wp-content\/uploads\/2026\/04\/kopru.png\",\"width\":320,\"height\":180},{\"@type\":\"BreadcrumbList\",\"@id\":\"https:\/\/x5tech.com.tr\/index.php\/teknik-videolarim\/#breadcrumb\",\"itemListElement\":[{\"@type\":\"ListItem\",\"position\":1,\"name\":\"Anasayfa\",\"item\":\"https:\/\/x5tech.com.tr\/\"},{\"@type\":\"ListItem\",\"position\":2,\"name\":\"Teknik Videolar\u0131m\"}]},{\"@type\":\"WebSite\",\"@id\":\"https:\/\/x5tech.com.tr\/#website\",\"url\":\"https:\/\/x5tech.com.tr\/\",\"name\":\"X5Tech G\u00fcvenlik Ekipmanlar\u0131\",\"description\":\"\",\"publisher\":{\"@id\":\"https:\/\/x5tech.com.tr\/#organization\"},\"potentialAction\":[{\"@type\":\"SearchAction\",\"target\":{\"@type\":\"EntryPoint\",\"urlTemplate\":\"https:\/\/x5tech.com.tr\/?s={search_term_string}\"},\"query-input\":{\"@type\":\"PropertyValueSpecification\",\"valueRequired\":true,\"valueName\":\"search_term_string\"}}],\"inLanguage\":\"tr\"},{\"@type\":\"Organization\",\"@id\":\"https:\/\/x5tech.com.tr\/#organization\",\"name\":\"X5Tech G\u00fcvenlik Ekipmanlar\u0131\",\"url\":\"https:\/\/x5tech.com.tr\/\",\"logo\":{\"@type\":\"ImageObject\",\"inLanguage\":\"tr\",\"@id\":\"https:\/\/x5tech.com.tr\/#\/schema\/logo\/image\/\",\"url\":\"https:\/\/x5tech.com.tr\/wp-content\/uploads\/2026\/01\/cropped-logo2.png\",\"contentUrl\":\"https:\/\/x5tech.com.tr\/wp-content\/uploads\/2026\/01\/cropped-logo2.png\",\"width\":167,\"height\":50,\"caption\":\"X5Tech G\u00fcvenlik Ekipmanlar\u0131\"},\"image\":{\"@id\":\"https:\/\/x5tech.com.tr\/#\/schema\/logo\/image\/\"}}]}<\/script>\n<!-- \/ Yoast SEO plugin. -->","yoast_head_json":{"title":"Teknik Videolar\u0131m - X5Tech G\u00fcvenlik Ekipmanlar\u0131","robots":{"index":"index","follow":"follow","max-snippet":"max-snippet:-1","max-image-preview":"max-image-preview:large","max-video-preview":"max-video-preview:-1"},"canonical":"https:\/\/x5tech.com.tr\/index.php\/teknik-videolarim\/","og_locale":"tr_TR","og_type":"article","og_title":"Teknik Videolar\u0131m - X5Tech G\u00fcvenlik Ekipmanlar\u0131","og_url":"https:\/\/x5tech.com.tr\/index.php\/teknik-videolarim\/","og_site_name":"X5Tech G\u00fcvenlik Ekipmanlar\u0131","article_modified_time":"2026-04-18T05:41:19+00:00","og_image":[{"width":320,"height":180,"url":"https:\/\/x5tech.com.tr\/wp-content\/uploads\/2026\/04\/kopru.png","type":"image\/png"}],"twitter_card":"summary_large_image","twitter_misc":{"Tahmini okuma s\u00fcresi":"2 dakika"},"schema":{"@context":"https:\/\/schema.org","@graph":[{"@type":"WebPage","@id":"https:\/\/x5tech.com.tr\/index.php\/teknik-videolarim\/","url":"https:\/\/x5tech.com.tr\/index.php\/teknik-videolarim\/","name":"Teknik Videolar\u0131m - X5Tech G\u00fcvenlik Ekipmanlar\u0131","isPartOf":{"@id":"https:\/\/x5tech.com.tr\/#website"},"primaryImageOfPage":{"@id":"https:\/\/x5tech.com.tr\/index.php\/teknik-videolarim\/#primaryimage"},"image":{"@id":"https:\/\/x5tech.com.tr\/index.php\/teknik-videolarim\/#primaryimage"},"thumbnailUrl":"https:\/\/x5tech.com.tr\/wp-content\/uploads\/2026\/04\/kopru.png","datePublished":"2026-04-18T05:28:42+00:00","dateModified":"2026-04-18T05:41:19+00:00","breadcrumb":{"@id":"https:\/\/x5tech.com.tr\/index.php\/teknik-videolarim\/#breadcrumb"},"inLanguage":"tr","potentialAction":[{"@type":"ReadAction","target":["https:\/\/x5tech.com.tr\/index.php\/teknik-videolarim\/"]}]},{"@type":"ImageObject","inLanguage":"tr","@id":"https:\/\/x5tech.com.tr\/index.php\/teknik-videolarim\/#primaryimage","url":"https:\/\/x5tech.com.tr\/wp-content\/uploads\/2026\/04\/kopru.png","contentUrl":"https:\/\/x5tech.com.tr\/wp-content\/uploads\/2026\/04\/kopru.png","width":320,"height":180},{"@type":"BreadcrumbList","@id":"https:\/\/x5tech.com.tr\/index.php\/teknik-videolarim\/#breadcrumb","itemListElement":[{"@type":"ListItem","position":1,"name":"Anasayfa","item":"https:\/\/x5tech.com.tr\/"},{"@type":"ListItem","position":2,"name":"Teknik Videolar\u0131m"}]},{"@type":"WebSite","@id":"https:\/\/x5tech.com.tr\/#website","url":"https:\/\/x5tech.com.tr\/","name":"X5Tech G\u00fcvenlik Ekipmanlar\u0131","description":"","publisher":{"@id":"https:\/\/x5tech.com.tr\/#organization"},"potentialAction":[{"@type":"SearchAction","target":{"@type":"EntryPoint","urlTemplate":"https:\/\/x5tech.com.tr\/?s={search_term_string}"},"query-input":{"@type":"PropertyValueSpecification","valueRequired":true,"valueName":"search_term_string"}}],"inLanguage":"tr"},{"@type":"Organization","@id":"https:\/\/x5tech.com.tr\/#organization","name":"X5Tech G\u00fcvenlik Ekipmanlar\u0131","url":"https:\/\/x5tech.com.tr\/","logo":{"@type":"ImageObject","inLanguage":"tr","@id":"https:\/\/x5tech.com.tr\/#\/schema\/logo\/image\/","url":"https:\/\/x5tech.com.tr\/wp-content\/uploads\/2026\/01\/cropped-logo2.png","contentUrl":"https:\/\/x5tech.com.tr\/wp-content\/uploads\/2026\/01\/cropped-logo2.png","width":167,"height":50,"caption":"X5Tech G\u00fcvenlik Ekipmanlar\u0131"},"image":{"@id":"https:\/\/x5tech.com.tr\/#\/schema\/logo\/image\/"}}]}},"_links":{"self":[{"href":"https:\/\/x5tech.com.tr\/index.php\/wp-json\/wp\/v2\/pages\/852","targetHints":{"allow":["GET"]}}],"collection":[{"href":"https:\/\/x5tech.com.tr\/index.php\/wp-json\/wp\/v2\/pages"}],"about":[{"href":"https:\/\/x5tech.com.tr\/index.php\/wp-json\/wp\/v2\/types\/page"}],"author":[{"embeddable":true,"href":"https:\/\/x5tech.com.tr\/index.php\/wp-json\/wp\/v2\/users\/1"}],"replies":[{"embeddable":true,"href":"https:\/\/x5tech.com.tr\/index.php\/wp-json\/wp\/v2\/comments?post=852"}],"version-history":[{"count":9,"href":"https:\/\/x5tech.com.tr\/index.php\/wp-json\/wp\/v2\/pages\/852\/revisions"}],"predecessor-version":[{"id":869,"href":"https:\/\/x5tech.com.tr\/index.php\/wp-json\/wp\/v2\/pages\/852\/revisions\/869"}],"wp:attachment":[{"href":"https:\/\/x5tech.com.tr\/index.php\/wp-json\/wp\/v2\/media?parent=852"}],"curies":[{"name":"wp","href":"https:\/\/api.w.org\/{rel}","templated":true}]}}